 of 3071 and 10841?
37
What is the highest common factor of 266 and 9443?
133
Calculate the greatest common divisor of 12 and 4996.
4
What is the highest common divisor of 24 and 1108?
4
Calculate the greatest common divisor of 165520 and 16.
16
What is the greatest common factor of 6665 and 124?
31
What is the greatest common divisor of 78303 and 86?
43
Calculate the highest common factor of 96723 and 176.
11
What is the greatest common divisor of 104267 and 3284?
821
What is the highest common divisor of 720 and 907965?
45
Calculate the greatest common factor of 21603 and 59882.
379
What is the greatest common divisor of 1316 and 48316?
188
What is the highest common divisor of 120 and 20142?
6
Calculate the greatest common factor of 14 and 102452.
14
Calculate the greatest common divisor of 7693 and 16513.
49
Calculate the highest common divisor of 14025 and 184008.
561
Calculate the greatest common divisor of 152 and 2684.
4
What is the greatest common factor of 11735 and 1055?
5
Calculate the highest common factor of 4797 and 42435.
369
Calculate the greatest common divisor of 88 and 254826.
22
What is the greatest common divisor of 136 and 2278?
34
What is the highest common divisor of 954 and 12816?
18
What is the highest common divisor of 21025 and 580?
145
What is the greatest common divisor of 321 and 7233?
3
Calculate the greatest common factor of 448 and 59591.
7
Calculate the greatest common divisor of 6288 and 672.
48
What is the highest common divisor of 168 and 33432?
168
What is the greatest common divisor of 34 and 31229?
17
What is the greatest common divisor of 74 and 343582?
74
Calculate the highest common divisor of 46347 and 70.
7
Calculate the highest common divisor of 160 and 1992960.
160
What is the highest common divisor of 2277 and 48301?
11
What is the greatest common factor of 11121 and 198?
33
What is the highest common factor of 211002 and 594?
66
Calculate the greatest common divisor of 442 and 377247.
221
Calculate the greatest common divisor of 3443 and 1241671.
313
What is the highest common factor of 34 and 4802?
2
Calculate the highest common factor of 409016 and 82.
82
What is the highest common factor of 4548339 and 108?
27
What is the greatest common factor of 15 and 501940?
5
What is the greatest common factor of 292 and 106434?
146
Calculate the highest common divisor of 2282 and 6286.
14
What is the greatest common factor of 2763 and 100389?
921
What is the highest common factor of 78160 and 94769?
977
Calculate the highest common factor of 2382349 and 166.
83
What is the highest common divisor of 21654 and 12042?
54
Calculate the greatest common factor of 1170 and 342.
18
What is the highest common divisor of 125894 and 874?
38
Calculate the highest common factor of 23075 and 50.
25
What is the greatest common divisor of 13946 and 10412?
38
What is the highest common factor of 77 and 12677?
7
What is the highest common divisor of 156 and 5310?
6
What is the greatest common divisor of 11837610 and 1020?
510
Calculate the highest common divisor of 72148 and 2975.
17
Calculate the highest common factor of 61 and 223931.
61
What is the highest common divisor of 2510794 and 429?
143
Calculate the greatest common divisor of 1888 and 44768.
32
What is the highest common factor of 22314 and 252?
6
Calculate the highest common divisor of 306720 and 7680.
480
What is the highest common divisor of 1016 and 228092?
508
Calculate the greatest common divisor of 4 and 305028.
4
What is the greatest common divisor of 2 and 226822?
2
What is the highest common factor of 3285 and 165710?
365
Calculate the greatest common divisor of 110 and 103895.
55
Calculate the greatest common divisor of 2573 and 465.
31
What is the highest common divisor of 215 and 2615?
5
What is the highest common divisor of 14605 and 28405?
115
What is the greatest common divisor of 1054 and 262973?
527
What is the highest common divisor of 42310 and 390?
10
What is the greatest common divisor of 26165 and 45?
5
Calculate the greatest common factor of 9 and 3525597.
9
Calculate the greatest common divisor of 696 and 19372.
116
Calculate the highest common divisor of 7760 and 70.
10
Calculate the highest common factor of 121467 and 114.
57
What is the highest common divisor of 4145256 and 72?
72
Calculate the greatest common factor of 17512 and 2376.
88
Calculate the highest common divisor of 187 and 4460511.
187
What is the highest common divisor of 6175 and 325850?
475
Calculate the highest common factor of 1040 and 25402.
26
What is the highest common factor of 108965 and 6479?
589
What is the highest common divisor of 84 and 201334?
14
What is the greatest common divisor of 12429 and 18?
9
Calculate the greatest common factor of 1112 and 4608.
8
Calculate the highest common divisor of 7695 and 7.
1
Calculate the greatest common divisor of 3330 and 7065.
45
Calculate the greatest common factor of 150 and 304275.
75
What is the highest common factor of 184 and 83628?
92
Calculate the greatest common factor of 27383 and 23837.
197
Calculate the highest common divisor of 243 and 6687.
9
Calculate the highest common factor of 289932 and 300.
12
Calculate the highest common divisor of 2660 and 5180.
140
What is the greatest common factor of 124575 and 1925?
275
What is the greatest common divisor of 12040 and 103740?
140
Calculate the highest common factor of 12219072 and 1104.
1104
Calculate the highest common divisor of 88822 and 7298.
178
Calculate the greatest common factor of 20034 and 20776.
742
What is the highest common divisor of 284520 and 30?
30
Calculate the greatest common factor of 44260 and 40.
20
Calculate the greatest common divisor of 345 and 1232432.
23
Calculate the highest common factor of 13915 and 2035.
55
What is the highest common divisor of 9872 and 208?
16
Calculate the greatest common divisor of 27200 and 544.
544
Calculate the greatest common factor of 390857 and 538.
269
Calculate the greatest common factor of 238763 and 437.
23
What is the highest common divisor of 10218 and 8775?
39
Calculate the greatest common factor of 792 and 70455.
33
What is the highest common divisor of 2248 and 14295032?
2248
What is the highest common divisor of 268911 and 99?
9
Calculate the highest common factor of 172691 and 285.
19
Calculate the highest common factor of 4842 and 656629.
269
What is the highest common factor of 167258 and 364?
182
What is the highest common factor of 16 and 482718?
2
What is the highest common factor of 795516 and 36?
12
What is the highest common factor of 55352 and 264?
88
Calculate the highest common factor of 21635193 and 537.
537
What is the greatest common divisor of 162 and 576774?
54
What is the highest common factor of 148 and 299811?
37
What is the greatest common divisor of 752 and 46448?
16
What is the greatest common factor of 28784 and 1008?
112
Calculate the highest common factor of 224 and 42182.
14
Calculate the highest common factor of 1979210 and 10.
10
What is the highest common factor of 51558 and 5460?
78
Calculate the greatest common divisor of 1015 and 2065.
35
Calculate the greatest common divisor of 5144620 and 235.
235
What is the highest common factor of 771577 and 107?
107
What is the greatest common factor of 35080 and 80?
40
What is the highest common factor of 6400 and 1?
1
What is the highest common factor of 11096 and 1064?
152
What is the greatest common divisor of 327518 and 249?
83
What is the greatest common factor of 191308 and 7924?
1132
What is the highest common divisor of 1341 and 93?
3
What is the greatest common factor of 530 and 63494?
106
What is the greatest common factor of 494 and 99864?
38
What is the greatest common factor of 325562 and 267?
89
What is the highest common factor of 15 and 819330?
15
What is the greatest common divisor of 16 and 46?
2
Calculate the greatest common factor of 170709 and 28.
7
Calculate the highest common factor of 1333917 and 26.
13
Calculate the highest common factor of 56 and 569996.
28
Calculate the greatest common factor of 16415 and 1675.
335
Calculate the greatest common factor of 14925 and 75.
75
What is the greatest common factor of 67895 and 415?
5
What is the highest common divisor of 1632 and 178092?
204
Ca